06424.
1128
What is the highest common factor of 1121895 and 992580?
3495
What is the greatest common divisor of 311781 and 57?
3
Calculate the highest common factor of 1608551 and 4753.
679
What is the highest common factor of 79730352 and 208?
208
What is the greatest common divisor of 1526 and 23600898?
218
What is the greatest common factor of 5982 and 25278?
6
Calculate the greatest common factor of 724 and 86384784.
724
What is the highest common factor of 231 and 3969889?
77
What is the highest common factor of 33894907 and 25319?
3617
Calculate the highest common divisor of 93632 and 101024.
2464
Calculate the highest common divisor of 90464 and 53503802.
5654
Calculate the greatest common factor of 33880 and 22512.
56
Calculate the highest common factor of 1050 and 10876614.
42
Calculate the greatest common factor of 47765 and 99343.
41
Calculate the highest common divisor of 17462836 and 4636.
244
Calculate the greatest common factor of 4758922 and 448462.
4354
Calculate the greatest common factor of 100889820 and 540.
540
What is the highest common factor of 190866897 and 78?
39
What is the highest common divisor of 3527394 and 23985?
1599
What is the highest common factor of 605339 and 10493?
7
Calculate the highest common divisor of 548196 and 341.
11
What is the highest common factor of 3956 and 455768?
92
Calculate the greatest common divisor of 98406 and 747054.
1386
What is the highest common factor of 13 and 13146237?
13
What is the highest common factor of 13537 and 15?
1
What is the greatest common factor of 6068 and 1115181591?
1517
Calculate the highest common factor of 840 and 550920.
120
Calculate the highest common divisor of 68 and 8681.
1
Calculate the highest common factor of 279033 and 868875.
993
Calculate the highest common divisor of 1864 and 14681097.
233
What is the highest common divisor of 3583306 and 1180?
118
What is the greatest common factor of 1561789837 and 21244?
5311
Calculate the highest common divisor of 1422 and 115593748.
158
Calculate the highest common divisor of 552 and 61391991.
69
What is the highest common divisor of 91618 and 48982?
38
What is the greatest common divisor of 5048346513 and 3423?
3423
Calculate the highest common divisor of 4881110 and 1040.
130
What is the greatest common divisor of 39772379 and 3693?
1231
What is the greatest common factor of 585567 and 3933?
9
Calculate the highest common divisor of 53535784 and 12.
4
Calculate the highest common factor of 1492 and 61978426.
746
Calculate the highest common factor of 384578 and 7582423.
5197
Calculate the greatest common divisor of 6890 and 1002283.
53
Calculate the highest common divisor of 26404224 and 3584.
896
What is the greatest common factor of 898875 and 59625?
1125
What is the greatest common factor of 910 and 279170710?
910
Calculate the greatest common divisor of 2292203 and 529.
23
What is the highest common factor of 20188 and 719661?
103
Calculate the greatest common divisor of 1128540 and 750.
30
Calculate the greatest common factor of 2592 and 30433248.
288
Calculate the greatest common divisor of 15 and 1728785.
5
Calculate the greatest common factor of 24364756 and 464.
116
Calculate the highest common factor of 690 and 5357643.
69
What is the greatest common factor of 2890 and 693940?
170
Calculate the greatest common divisor of 483 and 422766.
3
Calculate the highest common factor of 9168 and 4797312.
48
What is the highest common divisor of 634 and 590878?
2
What is the highest common divisor of 1418899 and 43409?
523
Calculate the greatest common divisor of 169486894 and 983.
983
Calculate the highest common factor of 85 and 40940624.
17
What is the greatest common divisor of 32776 and 761560?
1928
Calculate the highest common factor of 436084 and 102272.
68
What is the highest common divisor of 676 and 15658526?
338
What is the greatest common divisor of 1368 and 3639222?
342
What is the highest common divisor of 7 and 884105?
1
Calculate the greatest common factor of 62197 and 2055863.
1681
Calculate the highest common factor of 67689 and 103431.
69
Calculate the highest common divisor of 2676585 and 645.
15
Calculate the highest common divisor of 5824 and 36653344.
2912
Calculate the greatest common factor of 7668 and 1044684.
108
Calculate the greatest common divisor of 8375 and 497498450.
1675
What is the highest common divisor of 55384 and 141621704?
2408
Calculate the highest common factor of 30 and 655626630.
30
What is the highest common factor of 30765 and 298095?
105
Calculate the highest common factor of 4310030 and 4.
2
What is the greatest common factor of 2551 and 342780421?
2551
Calculate the greatest common factor of 812812856 and 1772.
1772
Calculate the highest common factor of 4 and 4356449.
1
Calculate the highest common divisor of 170 and 289918.
34
What is the highest common divisor of 168 and 1362746?
14
Calculate the greatest common factor of 28926222 and 78.
78
Calculate the highest common divisor of 337675 and 32209.
1039
What is the greatest common divisor of 99161 and 158719?
307
What is the greatest common divisor of 248022 and 1062?
18
What is the highest common divisor of 1431 and 25334991?
27
What is the highest common factor of 175496115 and 1720?
215
What is the greatest common divisor of 2732 and 102040200?
2732
What is the highest common factor of 5294 and 452261126?
5294
What is the highest common divisor of 25353 and 353064?
939
What is the highest common divisor of 57765174 and 426?
426
What is the highest common factor of 53532 and 306?
18
What is the highest common factor of 34661 and 1972663?
1507
What is the highest common factor of 3297 and 1865631?
471
What is the greatest common divisor of 41184 and 46448?
16
What is the greatest common factor of 512424 and 786?
6
What is the greatest common divisor of 12573028 and 2236?
2236
What is the highest common factor of 4129845 and 75?
15
What is the highest common divisor of 567875 and 225?
25
Calculate the highest common factor of 104197 and 8816.
29
Calculate the highest common divisor of 122237 and 178729.
487
What is the greatest common divisor of 128168 and 7816?
8
What is the highest common factor of 468 and 2953808?
52
Calculate the highest common factor of 248344 and 9864.
8
What is the highest common factor of 171 and 2566631511?
171
Calculate the greatest common factor of 2304 and 2435562.
18
Calculate the highest common factor of 24612 and 643524.
84
Calculate the highest common factor of 1962 and 103688.
2
What is the highest common divisor of 221 and 47730033?
221
What is the highest common divisor of 494334914 and 2306?
2306
Calculate the highest common factor of 85159026 and 558.
18
Calculate the highest common divisor of 7980 and 55139.
7
What is the greatest common factor of 15410 and 15450870?
670
What is the greatest common divisor of 293976 and 1836?
108
Calculate the greatest common divisor of 11591470 and 1826.
22
What is the greatest common factor of 1573 and 70268?
11
Calculate the highest common divisor of 198 and 63913446.
18
Calculate the highest common divisor of 2770167 and 1669791.
1479
Calculate the greatest common factor of 16192 and 504101488.
4048
Calculate the greatest common divisor of 940 and 1903970.
470
What is the highest common divisor of 4494 and 458434866?
642
Calculate the greatest common factor of 95945 and 424855.
155
What is the greatest common divisor of 5538 and 4915898?
1846
Calculate the highest common factor of 2212 and 210914753.
553
Calculate the highest common divisor of 777680048 and 276.
92
Calculate the highest common divisor of 238 and 31304174.
34
What is the greatest common divisor of 147581451 and 2439?
2439
What is the highest common factor of 14 and 3477341?
7
What is the highest common factor of 21 and 3435834066?
21
What is the highest common divisor of 2567 and 399602?
17
What is the highest common factor of 55254699 and 1809?
603
Calculate the highest common divisor of 9132 and 4818652.
3044
What is the highest common divisor of 85504 and 2720764?
668
What is the highest common factor of 2216632 and 1496?
88
What is the highest common divisor of 3576573 and 1985?
397
What is the greatest common factor of 53131 and 255981071?
4087
Calculate